. What is the hundreds digit of a(b)?
1
Suppose a - 6 = -1. Suppose -a*w = -111 - 234. What is the tens digit of w?
6
Let t be -1*((4 - 17) + -2). Suppose -5*y + 5 = -t. Suppose -189 = -y*p + 3*x, 6*x - x = p - 43. What is the tens digit of p?
4
Let z(k) = 29*k**2 + 3*k - 2. Let s be 68/(-119)*(-7)/2. What is the hundreds digit of z(s)?
1
Let k = 17641 + -11985. What is the tens digit of k?
5
Let o(r) = 2*r + 3. Let c be o(6). Suppose 5 = a - 3*y - 8, -5*a = 2*y - 82. Let f = a - c. What is the units digit of f?
1
Let s(j) = -5*j - 13. Let r be s(-20). Let v = r - 22. What is the tens digit of v?
6
Suppose -1021 = -5*u - i + 3*i, 3*i = 2*u - 404. What is the tens digit of u?
0
Let u(i) = i**3 - i**2 - 6*i + 10. Let o be (3 - (-6)/3) + 0. What is the units digit of u(o)?
0
Suppose z - 15 = -3*z + 3*l, 2*z - 2*l = 8. Suppose t - 1 = -k - 5, z*k = -6. Let a = 24 - t. What is the tens digit of a?
2
What is the units digit of 7/(-5) - 588/(-20)?
8
Let w(j) = j**3 + 26*j**2 - 6*j - 12. What is the units digit of w(-16)?
4
Suppose -2376 = -12*q + 156. What is the tens digit of q?
1
Let i(o) = 2*o**2 - o - 31. Let w be i(-5). Let f = 6 - -32. Let n = f - w. What is the tens digit of n?
1
What is the tens digit of 16/((-4)/(-1)) + 298?
0
Suppose -2*h - 1 = 3, 3*h = 4*d - 6. Suppose 0 = i - d*i. Suppose i = 2*q + 4*z - 92, 5*q - 5*z = 95 + 75. What is the tens digit of q?
3
Suppose 4*o + 21 = 2*p + p, 2*o = 2*p - 12. Suppose 25 = p*a - 92. Let t = a + 21. What is the tens digit of t?
6
Let r = 6 - -25. Suppose -r*z = -26*z - 105. What is the units digit of z?
1
Let m = -75 - -75. Suppose m*s = -s + 73. What is the tens digit of s?
7
Let d be 466/14 - 12/42. Suppose 0 = -4*t + 3*y + 227, -t + d = 5*y + 5. Suppose k - 145 = h - 6*h, h + 5*k = t. What is the units digit of h?
8
What is the units digit of (3416/35 + 2)/((-1)/(-5))?
8
What is the thousands digit of (-3)/(-21) - 193968/(-112)?
1
Suppose 2*r - 139 = -3*v + r, -v + 5*r = -25. Let i be (85/(-4))/(5/(-20)). Let t = i - v. What is the tens digit of t?
4
Let k(r) = -59*r**3 + 3*r**2 - 2*r - 3. What is the hundreds digit of k(-2)?
4
Suppose -u - u + 388 = 4*z, 0 = -2*u - z + 376. What is the units digit of u?
6
Let u(r) = 59*r + 1127. What is the tens digit of u(-9)?
9
Let k be 8 + -20 + 0 + -1. Let n = -15 - k. What is the units digit of (40*1)/4 + n?
8
Let x = 119 + -9. What is the tens digit of x?
1
Suppose -8847 = 68*m - 39719. What is the tens digit of m?
5
Suppose -27*g - 4269 = -948. Let d(u) = -12*u - 3. Let n be d(6). Let f = n - g. What is the tens digit of f?
4
Let i(s) = -125*s + 5. Let h be i(-1). Suppose 100*f - 95*f = h. What is the tens digit of f?
2
Suppose r = 4*j - 123 + 22, 2*r = 6. What is the units digit of (13/j)/((-2)/(-1032))?
8
Suppose 2*g + 4 = -10. Let x = 5 + g. What is the units digit of ((-9)/6 - x)*18?
9
Let k(m) = 3*m**3 - 89*m**2 + 21*m + 68. What is the thousands digit of k(30)?
1
Suppose f = 2*u + 1658, 13*f = 16*f + 4*u - 5024. What is the thousands digit of f?
1
What is the units digit of (-442)/(-2) + 3/(-12)*16?
7
What is the units digit of (462/14)/(6/(-948)*-2)?
7
Let f(c) = c**2 - 10*c + 3. Let l be f(9). Let z be (-4)/l*(-9)/(-2). Suppose -2*d - 46 - 99 = -z*b, 4*b - 212 = -2*d. What is the tens digit of b?
5
Let n(l) = -326*l + 47. What is the units digit of n(-5)?
7
Suppose 3*q + 2*q = 0. Let x = 105 + -63. Suppose -4*n = -n - 3*v - x, q = 2*n - v - 31. What is the tens digit of n?
1
Suppose 4*b - 79 - 246 = 3*w, 0 = -b + 2*w + 85. What is the units digit of b?
9
Let k = 6 + -18. Let q be (6/k)/(2/(-12)). What is the units digit of (1 - q - 22)*-1?
4
Let q(i) = -i - 21. Let f be q(-25). Suppose y - f*y = -12. What is the units digit of y?
4
Suppose 79 = -2*n - 6*j + j, -2*j + 26 = -n. Let f = n - -55. Let k = 26 - f. What is the units digit of k?
3
Let w(f) = 54*f**2 - 13*f - 11. What is the hundreds digit of w(-2)?
2
Suppose -2*r - 280 = -5*r + 4*h, 0 = 3*r - h - 286. Let o = -33 + r. What is the units digit of o?
3
Let p = -192 + 399. Suppose p = 5*c - 628. What is the hundreds digit of c?
1
Suppose 6*v - 5*v + 4 = 0. Let p(x) be the first derivative of -x**2 - 1. What is the units digit of p(v)?
8
Let p = -817 + 823. Let i be 1 + 421 + (0 - 0). Suppose 0 = p*w - i + 116. What is the tens digit of w?
5
Suppose -5*d + 0*d + 10 = 0. Suppose a = -3*b - 10, -2*b - 3 = a + 2. Suppose a*t + 9 = 4*y - 32, -d*t + 43 = 5*y. What is the units digit of y?
9
Let f(c) = -c**3 + 9*c**2 + 11*c + 21. Suppose -6*s + s = -45. What is the hundreds digit of f(s)?
1
Let u(x) = -x**2 + 16*x - 32. Let n be u(13). Suppose -886 + 4 = -n*g. What is the units digit of g?
6
Suppose -10 = 3*j + y, 3 + 9 = -3*y. Let w(q) = -2*q**2 - 7*q**3 + 0*q**3 + 0*q**3. What is the units digit of w(j)?
8
Let l(q) = q**2 + 4*q + 2. Let u be l(-3). Let k = 1 - u. Suppose -k = -j + 1, 47 = 2*i + 5*j. What is the tens digit of i?
1
Let v(o) = o**2 - 2*o - 2. Let y be v(-2). Let h = y - 340. What is the units digit of h/(-22) + 4/(-22)?
5
Let r be (-192)/(0 + 3)*(-1)/(-2). What is the hundreds digit of (12/(-10)*3)/(r/2080)?
2
Let r(d) = d**3 - 3*d**2 - 2*d + 1. Let s be (1 - 2)/1*-9. Let x = -5 + s. What is the units digit of r(x)?
9
Let r(m) = -m**3 + 4*m**2 + m - 4. Let n be r(3). Let w = n + -8. Suppose 2*v - 49 = 5*h, -29 = -v - w*h + h. What is the units digit of v?
2
Suppose 9*v = 135 - 0. Suppose 0 = 3*d - 4*m - 36, d = -4*m + v - 3. What is the tens digit of d?
1
Suppose -5*q - b + 20 = -4*b, 5*b = 0. Let v(y) = -y. Let c be v(q). Let f(l) = -l**3 - 3*l**2 - 1. What is the units digit of f(c)?
5
Let t = -4 + 13. Let h be (-21)/t + 4/(-6). What is the units digit of h/((18/4)/(-3))?
2
Let h be 7 + 12/(-3) + 92. Let r = h + -30. What is the units digit of r?
5
What is the hundreds digit of 17/(204/36) + 0 + 3177?
1
Let g = -703 - -1066. What is the hundreds digit of g?
3
Let w(v) = -v. Let c(t) = -4*t**2 - 6*t. Let g(u) = c(u) - 5*w(u). Let r(y) = 7*y**2 + 3*y + 1. Let m(l) = 5*g(l) + 3*r(l). What is the units digit of m(-6)?
5
Let m be -1 + (-191)/(-2) + 49/(-98). Let g = -71 + m. What is the units digit of g?
3
Suppose 1115 = 4*t - 4*u - 729, -3*u - 924 = -2*t. Suppose 4*b + t = b. What is the units digit of b/(-2) - 8/(-16)?
7
Suppose a - 58 - 6468 = -3*z, 5*z - 5*a = 10870. What is the tens digit of z?
7
Let u(r) = -7 + r**3 + 39*r**2 + 0*r**3 - 2*r - 33*r**2. Let a be u(-6). Suppose o = a*o - 132. What is the units digit of o?
3
Let z be (-321)/(-7) - 4/(-28). Suppose 6*l - 3*w = 4*l + z, w + 82 = 4*l. What is the tens digit of l?
2
What is the tens digit of (66/99)/(2 - (-2316)/(-1161))?
2
Let c(a) = 43*a**2 - 2*a + 3. Let x be c(1). Suppose -x - 10 = -f. What is the tens digit of f?
5
What is the tens digit of (-3 + 6)*-2*-311?
6
Suppose 2*f - 2598 = 2598. What is the units digit of f?
8
Suppose -580*v = -586*v + 28674. What is the thousands digit of v?
4
Let c(z) = -z**3 - 15*z**2 - 57*z + 24. What is the units digit of c(-12)?
6
Let g(s) = -1. Let b(c) = -4*c + 6. Let i(y) = b(y) - 5*g(y). Let j be i(-6). Suppose 0 = 4*o - j - 13. What is the units digit of o?
2
Let t = 547 + -244. What is the hundreds digit of t?
3
What is the units digit of (-47796)/(-48) + 6/(-8)?
5
Let d = -323 + 615. Suppose d = 4*y + 4*o, -3*o - 158 = -2*y - o. What is the units digit of y?
6
Suppose 0 = -38*c - 19*c + 126882. What is the tens digit of c?
2
Suppose 0 = -14*m + 9*m - 15. What is the units digit of m + 2 - -30*12/8?
4
Let f(k) = 337*k + 9. What is the tens digit of f(1)?
4
Suppose -166*r = -161*r - 3160. What is the units digit of r?
2
Let w(d) = -44*d - 143. What is the tens digit of w(-11)?
4
Let f be -6 - -6 - 378/(-1). Suppose -f = -15*n + 6*n. What is the units digit of n?
2
Let p(f) = 57*f + 2. Let z be p(-2). Let k = 169 + z. Suppose 4*b - k = b. What is the tens digit of b?
1
Let a = -2593 - -2956. What is the tens digit of a?
6
Suppose z - 185 = 2*p, z - 4*z = p - 583. What is the units digit of z?
3
Suppose d + 6*m - 2 = 3*m, -m = -2*d + 4. Let c be (8/3 + d)*87. What is the units digit of (c/21)/((-2)/(-3))?
9
Suppose -2*s - 20 = -3*g, -4*g - 4*s - 4 + 64 = 0. Suppose 0 = -t - t + g. Suppose 5*p - 255 = -t*b, -3*b + 0*b = -5*p - 177. What is the tens digit of b?
5
Let v(b) = -48*